h + 4*q - 17 = -7*h, 3*h + 5*q - 19 = 0. Suppose h*o = -a - a + 230, 0 = 3*o. Is a a prime number?
False
Suppose 0 = -878*r + 896*r - 273708. Is r composite?
True
Suppose -18*p = 8*p - 5*p - 791007. Is p composite?
True
Is -12*188154/(-48)*16/72 composite?
False
Let z be 20/15*(-54)/(-12). Let f(k) = 76*k**2 + 8*k - 7. Is f(z) a prime number?
True
Suppose -8*k + 4*k + 5*o + 15 = 0, -2*k - 2*o + 12 = 0. Suppose 3*y + 0*y = -m + 800, -4*y + 3989 = k*m. Is m a composite number?
False
Let l(q) = 3064*q**2 - 53*q + 89. Is l(-10) prime?
True
Suppose 43*h - 2658 = 37*h. Suppose -b + 1388 = -h. Is b a prime number?
True
Suppose 4*h = i + 219791, 0 = -4*h + 337*i - 334*i + 219781. Is h a prime number?
True
Is (4721481/27 - -8)/(4/48*4) composite?
False
Suppose -10*h + 5 = -9*h. Suppose 0 = m - k - 352 - 553, k + 1807 = 2*m. Suppose 3*f - 2*b = 2621, -f - m = -2*f - h*b. Is f composite?
False
Suppose 3*r - 55232 = r. Let z be (-2528570)/154 + 12/(-7) + 2. Let g = r + z. Is g prime?
True
Suppose 2*h = 10, s + 2*h - h + 1147 = 0. Let u = 3269 + s. Is u composite?
True
Let m be 16/40*3035/2. Let w = m - 874. Let r = -144 - w. Is r a prime number?
False
Suppose -2*f = -k + 3*k - 365512, -5*k + 913756 = -3*f. Is k a composite number?
True
Let x(q) = -936*q + 49. Suppose n - 24 = 2*k - 4, -4*k + 3*n - 42 = 0. Is x(k) composite?
True
Let z = 50 + -50. Suppose 4*s + s - 10 = z. Suppose -5*w = 5*h - 781 + 156, -4 = s*h. Is w a prime number?
True
Suppose -6 = -17*w + 15*w. Suppose -2*o + 5*v = -591, -v + 2 = w. Is o a prime number?
True
Suppose -5179*c - 112546 = -5193*c. Is c a prime number?
True
Let p(g) = 404*g**2 - 478*g + 517. Is p(48) a prime number?
False
Suppose -20*i - 78 = -59*i. Suppose -8361 = -2*k + i*y - y, 4*k + 2*y = 16742. Is k a prime number?
False
Let r(g) = 2864*g + 39. Let k be 4/(128/200) - (-1)/(-4). Is r(k) prime?
False
Let w be -1*-1*((-1)/(-1) - 2382). Let j = 5042 + w. Is j composite?
True
Let b(j) = -3*j**2 - j + 2. Let h be b(0). Let g(x) = 4 - 7 - 9 - 3*x - 2 - 16*x**3 - 4*x**h. Is g(-5) composite?
False
Suppose -p - 30 = -3*d - 548, -1060 = -2*p - 2*d. Let a = p + 164. Is a composite?
False
Let p(q) = 22*q**3 + 5*q**2 + 45*q + 25. Is p(8) prime?
True
Let c(k) = 944*k**2 - 27*k - 129. Is c(-4) a composite number?
False
Suppose -5*b = -4*j - 7 - 9, 2*j + 4*b = -8. Let i(f) = -963*f + 12. Let s be i(j). Suppose 242 = 2*d - s. Is d a prime number?
True
Let j = -14370 - -98189. Is j a prime number?
False
Is 1 + 108876 - 14/1 a prime number?
True
Suppose -40 + 26 = -2*g. Let t(z) = 7*z**3 - 4*z**2 + 14*z - 16. Is t(g) a prime number?
True
Let q = -157475 - -917638. Is q prime?
True
Let l(w) = -129*w - 58. Let p be l(-13). Suppose 0 = 29*a - 1890 - p. Is a a composite number?
True
Let l(o) = -o**3 + 7*o + 5. Let n = 32 + -38. Is l(n) composite?
False
Suppose b - 263 - 80 = 0. Let j(v) = -118*v - 273. Let t be j(-23). Suppose q - b = 3*g + 153, -2*g - t = -5*q. Is q prime?
True
Let h = 116 + -110. Is (2/(-4))/(h/(-3156)) composite?
False
Suppose -4*h + 33 - 17 = 0. Suppose 0 = -3*z + h + 2. Is (-5469)/(-12)*(18 + z) composite?
True
Let r(n) = -n**2 - 3*n + 1. Let k be r(-2). Suppose -26 = -k*b - 5*q + 413, -5*q = -4*b + 527. Is (13/(-3))/((-2)/b) composite?
True
Let h(n) = 250*n + 33097. Is h(0) composite?
True
Suppose n - 112 = 8*n. Let f(o) = -118*o + 85. Is f(n) composite?
False
Let b be ((-4082)/3 + 2)*2142/(-68). Is (-2)/((-32)/24)*b/9 a prime number?
False
Let i(p) = -5*p**3 + 29*p**2 + 16*p + 65. Let g(b) = -8*b + 17*b**3 - 33 - 15*b**2 - 7*b**3 - 7*b**3. Let v(r) = -7*g(r) - 4*i(r). Is v(-12) prime?
True
Suppose 0 = -i + 3*h + 21, 2*i + 5*h = 6 + 69. Let b(p) = 250*p + 241. Is b(i) prime?
True
Let s = 191959 - -158158. Is s prime?
False
Suppose 5*x = -2 - 3. Let m(z) = -3577*z**2 + 6*z + 5. Let c be m(x). Let t = 269 - c. Is t prime?
True
Suppose 200889 = 3*z - 5*j, -4*z + 267862 = -3*j - 2*j. Is z a prime number?
True
Let y = 572 + -1007. Let d be -1 - (y - (0 - 2)). Suppose 5*u - 2383 = d. Is u composite?
False
Suppose 0 = x + 4*f + 13, -2*x - f = f - 4. Let u(g) = 1 + 27*g - 15 + 48 - 12. Is u(x) composite?
False
Let n be (-18244)/6*(50/10 + -2). Let x = -5739 - n. Is x a composite number?
True
Suppose 4*i + 43 = 3*l, 4*i + 4*l = 2*l - 18. Let z(f) = -87*f - 13. Let n be z(i). Suppose -3*w = 2*g - n, 0 = -2*g + g + 4*w + 287. Is g prime?
False
Let x(h) = 18*h + 44 - 57 - 14*h. Let p be x(3). Is (-3 - 0) + 4318/((-1)/p) composite?
True
Is (-648357)/6*-8*(-23)/(-92) composite?
False
Let j(c) = -201*c**2 + 4*c + 7. Let q be j(-2). Let x = -2563 + 3955. Let p = q + x. Is p a prime number?
True
Suppose -7903*g + 237951 = -7876*g. Is g composite?
True
Suppose u + u - 704911 = -146909. Is u prime?
True
Let d(y) = 3*y**2 + 4*y + 7. Let a be d(-1). Is 9481*(-5 - (0 - a)) prime?
False
Let t(m) = m**2 - 20*m + 19. Let j be t(19). Suppose j = 4*b + b + 815. Let l = 208 - b. Is l a prime number?
False
Suppose -2*o - 5*y - 15 = 0, 2*y - 9 = -o + 5*y. Suppose 2*g - 8 = 2*l, o = l - 4*g + 6 + 7. Let c(u) = -919*u**3 - u**2 + 1. Is c(l) prime?
True
Let t(n) = 1278*n - 1183. Is t(29) a composite number?
False
Is ((-4288)/(-160))/((-6)/(-14) - (-48484)/(-113260)) composite?
True
Let q = 2238 - 517. Let f = q - 1180. Is f composite?
False
Suppose 8*s = -15*s - 564504 + 1878655. Is s composite?
True
Let f = -223 + 226. Suppose f*a = -12, j + 5*a + 7510 = 28117. Is j a composite number?
False
Let t = 29618 - 20281. Is t prime?
True
Suppose 4934 = c + i, 2*c + 5*i - 10069 = -189. Let v = c - -4129. Is v prime?
True
Let f = 286338 + -69539. Is f a composite number?
True
Suppose -3*l - y + 33038 = 0, -l + y - 4*y + 11010 = 0. Is 15/(105/14) + l composite?
True
Suppose -3270549 + 298648 = -10*n + 117839. Is n prime?
False
Let t(h) = 2*h**2 + 13*h + 13. Let i be t(-7). Let u(b) = b**3 + 9*b**2 - 11*b + 25. Is u(i) a composite number?
True
Let l be (-5)/(-75) + (-236)/(-60). Suppose -5*q + l*z + 16630 - 6417 = 0, -z - 10207 = -5*q. Is q composite?
True
Let o = 35232 + -20094. Let k(i) = -3*i - 14. Let l be k(0). Is (-22)/77 - o/l prime?
False
Let h = 12 + 18. Suppose -27*x = -32*x - h. Is 1 + -3 + 135 + x/3 a composite number?
False
Let h = -699992 - -1109827. Is h composite?
True
Is 2*(6 - 2/4*-100303) a composite number?
True
Let r(b) be the third derivative of b**5/60 - b**4 + 8*b**3 - 6*b**2. Let p be r(22). Suppose p*g + 5*k = 128, -3*g + 0*g + 2*k = -119. Is g a prime number?
True
Let b = 9 - 7. Suppose -v = -4 + b. Suppose -v*u + 15 = p, 0 = 3*p - 6*u + 3*u - 81. Is p a prime number?
True
Let f be (-18)/135 - (0 + (-47)/15). Suppose 4*y = -4*j + 3*j + 9, -4*y + f*j = -5. Is 149*(-1 + (-6)/(-4))*y a composite number?
False
Let t be (-6 - 0)*-3*(-2)/(-12). Suppose -t*h = d - 3236, -h = 2*h + 5*d - 3220. Suppose g = 4*b + 549, 2*g - b + 2*b - h = 0. Is g a prime number?
True
Suppose 0 = -3*c, -4*c - 38507 = -i + 8*c. Is i prime?
False
Suppose a + 18*m - 23*m = 45110, 2*a - 90255 = 5*m. Is a a prime number?
False
Is (-462)/(-90) + (-2)/15 + 42275 - -1 a composite number?
False
Let o = -197632 - -573297. Is o prime?
False
Is 188101 + 12*(-18)/(-36) composite?
False
Let d be (6 + -6)*(-2 - 0 - -1). Is (d - -24*4) + -7 prime?
True
Let d = -440 + 2545. Suppose 3*x - 1676 = c - 7250, -c - 5*x + 5574 = 0. Suppose 0 = 7*s - d - c. Is s composite?
False
Let m be (2/4)/(4/64*-2). Is m/6*(-2 - 875/2) a composite number?
False
Is (-269364)/(-8) + 8 + (-7)/(-14) prime?
True
Suppose 18 = f + 8*f. Suppose 5*w + 0*w = i + 136, -2*w + f*i + 48 = 0. Suppose n - w = 391. Is n prime?
True
Suppose -3*i + 184775 = h + 9267, 526474 = 3*h - i. Is h a composite number?
False
Suppose 0 = -50*c + 38*c - 2532. Suppose -2*r - 1170 = r. Let b = c - r. Is b prime?
True
Let x be 4 + 10 - (8 - 1). Suppose 3*q + u + 3479 = x*q, 0 = -2*q + u + 1741. Is q a composite number?
True
Let m(f) = 196*f**2 - 28*f + 10. Let b be m(-23). Suppose -18*r + 2*s + b = -14*r, 0 = -r + 4*s + 26095. Is r prime?
True
Suppose 0*t - x = 3*t - 372982, 0 = 2*x - 2. Is t prime?
False
Let n(t) be the second derivative of 47*t**7/2520 - t**6/720 + t**5/120 - 7*t**4/12 - 25*t. Let u(y) be the third derivative of n(y). Is u(1) composite?
False
Is 2/(((-144)/(-2879724))/6) a composite number?
False
Let g(v) = -